git of 13141?
4
What is the hundred thousands digit of 115804?
1
What is the ten thousands digit of 10185?
1
What is the units digit of 23238?
8
What is the units digit of 7786?
6
What is the thousands digit of 4632?
4
What is the units digit of 588?
8
What is the tens digit of 5728?
2
What is the units digit of 1?
1
What is the ten thousands digit of 21075?
2
What is the tens digit of 1439?
3
What is the thousands digit of 1085?
1
What is the tens digit of 11452?
5
What is the hundreds digit of 11106?
1
What is the hundreds digit of 11939?
9
What is the ten thousands digit of 40067?
4
What is the hundreds digit of 54623?
6
What is the hundreds digit of 7108?
1
What is the hundreds digit of 116716?
7
What is the units digit of 1210?
0
What is the hundreds digit of 1902?
9
What is the units digit of 9691?
1
What is the thousands digit of 72560?
2
What is the units digit of 3243?
3
What is the thousands digit of 26652?
6
What is the hundreds digit of 1124?
1
What is the hundreds digit of 20573?
5
What is the tens digit of 2987?
8
What is the units digit of 5070?
0
What is the tens digit of 13466?
6
What is the hundred thousands digit of 102776?
1
What is the hundreds digit of 13450?
4
What is the units digit of 5291?
1
What is the hundreds digit of 3424?
4
What is the units digit of 3082?
2
What is the tens digit of 809?
0
What is the hundreds digit of 2108?
1
What is the hundreds digit of 234?
2
What is the ten thousands digit of 25403?
2
What is the tens digit of 335?
3
What is the hundreds digit of 6146?
1
What is the hundreds digit of 42934?
9
What is the tens digit of 20596?
9
What is the units digit of 13570?
0
What is the hundreds digit of 40587?
5
What is the tens digit of 1179?
7
What is the units digit of 843?
3
What is the ten thousands digit of 32223?
3
What is the hundreds digit of 739?
7
What is the hundreds digit of 7861?
8
What is the thousands digit of 15391?
5
What is the hundreds digit of 177807?
8
What is the thousands digit of 7448?
7
What is the tens digit of 2706?
0
What is the tens digit of 53123?
2
What is the ten thousands digit of 107145?
0
What is the units digit of 700?
0
What is the tens digit of 20054?
5
What is the units digit of 77493?
3
What is the hundreds digit of 90543?
5
What is the hundreds digit of 23568?
5
What is the tens digit of 783?
8
What is the units digit of 39537?
7
What is the units digit of 4644?
4
What is the tens digit of 2882?
8
What is the units digit of 509?
9
What is the units digit of 773?
3
What is the units digit of 1412?
2
What is the hundreds digit of 904?
9
What is the units digit of 1347?
7
What is the tens digit of 3354?
5
What is the tens digit of 3567?
6
What is the hundreds digit of 51864?
8
What is the thousands digit of 91512?
1
What is the tens digit of 276?
7
What is the units digit of 933?
3
What is the thousands digit of 1272?
1
What is the units digit of 11341?
1
What is the units digit of 41627?
7
What is the ten thousands digit of 24871?
2
What is the ten thousands digit of 16530?
1
What is the hundreds digit of 7231?
2
What is the tens digit of 1136?
3
What is the thousands digit of 2817?
2
What is the units digit of 1007?
7
What is the units digit of 171097?
7
What is the hundreds digit of 5035?
0
What is the thousands digit of 165242?
5
What is the hundreds digit of 772?
7
What is the hundreds digit of 24509?
5
What is the tens digit of 9165?
6
What is the tens digit of 594?
9
What is the units digit of 25883?
3
What is the tens digit of 3772?
7
What is the tens digit of 5162?
6
What is the ten thousands digit of 72708?
7
What is the hundreds digit of 26312?
3
What is the tens digit of 248?
4
What is the units digit of 173?
3
What is the hundreds digit of 73314?
3
What is the thousands digit of 111810?
1
What is the units digit of 27850?
0
What is the thousands digit of 1053?
1
What is the tens digit of 23321?
2
What is the tens digit of 3099?
9
What is the tens digit of 618?
1
What is the units digit of 76?
6
What is the tens digit of 1548?
4
What is the thousands digit of 15583?
5
What is the tens digit of 21651?
5
What is the tens digit of 13267?
6
What is the tens digit of 11974?
7
What is the units digit of 4447?
7
What is the tens digit of 4230?
3
What is the ten thousands digit of 71067?
7
What is the tens digit of 3282?
8
What is the thousands digit of 89746?
9
What is the tens digit of 1827?
2
What is the hundreds digit of 3862?
8
What is the thousands digit of 8472?
8
What is the units digit of 72793?
3
What is the hundreds digit of 6335?
3
What is the thousands digit of 1581?
1
What is the hundreds digit of 14197?
1
What is the units digit of 23090?
0
What is the units digit of 6174?
4
What is the hundreds digit of 467?
4
What is the thousands digit of 1970?
1
What is the ten thousands digit of 186901?
8
What is the thousands digit of 8246?
8
What is the tens digit of 4150?
5
What is the ten thousands digit of 57120?
5
What is the tens digit of 6112?
1
What is the thousands digit of 14248?
4
What is the tens digit of 16083?
8
What is the ten thousands digit of 26631?
2
What is the tens digit of 109391?
9
What is the thousands digit of 3158?
3
What is the tens digit of 5020?
2
What is the ten thousands digit of 42690?
4
What is the ten thousands digit of 57764?
5
What is the units digit of 890?
0
What is the hundreds digit of 38867?
8
What is the units digit of 576?
6
What is the tens digit of 23131?
3
What is the tens digit of 2351?
5
What is the hundreds digit of 1770?
7
What is the thousands digit of 3598?
3
What is the tens digit of 247?
4
What is the tens digit of 78832?
3
What is the hundreds digit of 3620?
6
What is the tens digit of 7983?
8
What is the thousands digit of 3409?
3
What is the tens digit of 25034?
3
What is the thousands digit of 1248?
1
What is the thousands digit of 4056?
4
What is the hundreds digit of 22680?
6
What is the units digit of 865?
5
What is the units digit of 88?
8
What is the thousands digit of 22695?
2
What is the units digit of 102962?
2
What is the hundreds digit of 1170?
1
What is the units digit of 56?
6
What is the units digit of 422?
2
What is the tens digit of 69?
6
What is the units digit of 33148?
8
What is the tens digit of 272?
7
What is the units digit of 47914?
4
What is the units digit of 3116?
6
What is the hundreds digit of 957?
9
What is the ten thousands digit of 19033?
1
What is the thousands digit of 1075?
1
What is the thousands digit of 55512?
5
What is the units digit of 11175?
5
What is the units digit of 1213?
3
What is the tens digit of 10879?
7
What is the hundreds digit of 9453?
4
What is the thousands digit of 124637?
4
What is the hundreds digit of 160?
1
What is the thousands digit of 38120?
8
What is the hundreds digit of 270?
2
What is the units digit of 6357?
7
What is the tens digit of 308?
0
What is the units digit of 33221?
1
What is the thousands digit of 1190?
1
What is the hundreds digit of 7543?
5
What is the tens digit of 79?
7
What is the hundreds digit of 661?
6
What is the units digit of 4546?
6
What is the ten thousands digit of 75082?
7
What is the tens digit of 3394?
9
What is the thousands digit of 6512?
6
What is the units digit of 72903?
3
What is the tens digit of 19130?
3
What is the thousands digit of 10456?
0
What is the units digit of 129897?
7
What is the tens digit of 676?
7
What is the thousands digit of 1493?
1
What is the hundreds digit of 200779?
7
What is the thousands digit of 1333?
1
What is the units digit of 41649?
9
What is the units digit of 12741?
1
What is the tens digit of 1571?
7
What is the tens digit of 9528?
2
What is the tens digit of 384?
8
What is the hundreds digit of 85876?
8
What is the thousands digit of 1856?
1
What is the thousands digit of 2678?
2
What is the tens digit of 10926?
2
What is the hundreds digit of 13407?
4
What is the hundreds digit of 1605?
6
What is the hundreds digit of 7404?
4
What is the thousands digit of 1076?
1
What is the units digit of 3992?
2
What is the units digit of 50166?
6
What is the thousands digit of 1026?
1
What is the hundreds digit of 82187?
1
What is the tens digit of 433?
3
What is the hundreds digit of 7473?
4
What is the units digit of 12756?
6
What is the thousands digit of 7240?
7
What is